hat is b(6)?
20
Let r(d) = 4*d - 44. Determine r(15).
16
Let i(c) = c**3 + 15*c**2 + 6*c - 33. Determine i(-15).
-123
Let t(v) = 33*v + 562. What is t(-17)?
1
Let h(p) = -p**3 - 6*p**2 + p + 8. Give h(-6).
2
Let i(m) = m**3 - 16*m**2 + 17*m - 21. What is i(15)?
9
Let d(s) = 4*s - 9. Give d(3).
3
Let i(g) = 6*g - 152. What is i(27)?
10
Let k(g) = -12*g**2 - 2*g + 2. Calculate k(1).
-12
Let g(p) = -p + 1. What is g(12)?
-11
Let l(q) = q**2 + 7*q - 37. Calculate l(-10).
-7
Let h(j) = 5*j - 118. What is h(22)?
-8
Let y(n) = n**2 - 20*n + 52. Calculate y(17).
1
Let t(g) = g**3 - 2*g**2 - g + 4. What is t(0)?
4
Let q(b) = -49*b + 7. Give q(2).
-91
Let z(u) = -2*u + 31. Give z(13).
5
Let x(z) = 3*z**2 + 5*z - 1. Determine x(-6).
77
Let p(s) = -s**3 + 10*s**2 + 21*s + 28. Calculate p(12).
-8
Let r(q) = -3*q - 7. Calculate r(0).
-7
Let b(p) = p**3 - 7*p**2 + 12*p - 10. Determine b(7).
74
Let k(q) = 4*q - 29. Give k(-4).
-45
Let u(d) = -d**2 - 9*d - 13. What is u(-8)?
-5
Let d(m) = -m**2 + 18. Calculate d(0).
18
Let q(m) = m**3 - 6*m + 5. Calculate q(2).
1
Let z(r) = -r**2 + 8*r - 1. Calculate z(8).
-1
Let i(b) = -5*b + 30. What is i(9)?
-15
Let o(w) = -7*w**2 - 11*w + 12. Give o(1).
-6
Let c(b) = -b**3 + 7*b**2 - 7*b + 4. What is c(6)?
-2
Let m(h) = -h - 3. Give m(-3).
0
Let h(u) = u**3 + 11*u**2 + 11*u - 3. Calculate h(-5).
92
Let z(n) = -3*n**3 - n**2 - 2*n - 1. Give z(0).
-1
Let y(h) = -9*h**3 + h**2 - 5*h + 3. Calculate y(1).
-10
Let b(o) = -14*o - 224. What is b(-11)?
-70
Let s(i) = i**3 + 12*i**2 + 28*i - 31. Calculate s(-7).
18
Let r(u) = 2*u**2 + 12*u + 11. Determine r(-5).
1
Let p(g) = 7*g + 11. Calculate p(-6).
-31
Let r(y) = y + 4. What is r(4)?
8
Let f(c) = 12*c + 1. Calculate f(1).
13
Let v(m) = -m**2 + 7*m + 7. What is v(7)?
7
Let f(x) = -x**2 - 64*x - 544. What is f(-10)?
-4
Let r(o) = o**3 + 5*o**2 + 5. What is r(-4)?
21
Let g(q) = -q**3 - 46*q**2 - 167*q + 29. Determine g(-42).
-13
Let g(z) = -13*z**3 + 2*z - 2. Calculate g(1).
-13
Let p(d) = -7*d**2 + 5*d - 2. Calculate p(1).
-4
Let c(t) = t**2 + 9*t + 18. Calculate c(-10).
28
Let d(u) = 40*u + 13. Give d(-1).
-27
Let b(k) = -k**2 - 1. What is b(0)?
-1
Let s(q) = -2*q. Determine s(3).
-6
Let f(z) = -119*z - 1186. Calculate f(-10).
4
Let y(m) = 6*m + 6. What is y(4)?
30
Let o(x) = -19*x + 252. Give o(13).
5
Let c(b) = b**3 + 14*b**2 + 14*b + 6. What is c(-13)?
-7
Let l(u) = 27*u + 183. Calculate l(-10).
-87
Let t(v) = 3*v + 11. Give t(-6).
-7
Let m(u) = -u**2 - 32*u - 5. Determine m(0).
-5
Let c(n) = -5*n + 19. Give c(-5).
44
Let m(q) = -q**3 - 7*q**2 - 6*q - 9. What is m(-6)?
-9
Let m(f) = 3*f + 16. Give m(5).
31
Let s(c) = c**2 - 1. Determine s(3).
8
Let v(u) = u**3 - 3*u**2 - 29*u + 33. Determine v(6).
-33
Let u(p) = -p + 28. Calculate u(11).
17
Let o(s) = s**3 + 5*s**2 + 4*s + 19. What is o(-5)?
-1
Let x(w) = w**3 + 2*w**2 - w + 1. Calculate x(2).
15
Let m(n) = n**3 - 14*n - 21. Determine m(-3).
-6
Let c(m) = 3*m - 31. Calculate c(0).
-31
Let w(n) = -n**3 - 3*n**2 + 3*n + 1. What is w(-4)?
5
Let g(j) = -j**3 - 13*j**2 - 9*j + 33. Determine g(-12).
-3
Let k(f) = -f**3 + 5*f**2 + 11*f + 21. What is k(6)?
51
Let s(t) = 5*t + 3. Determine s(-3).
-12
Let z(i) = -i**3 - 6*i**2 + i + 1. Give z(-6).
-5
Let k(s) = 7*s. What is k(1)?
7
Let c(k) = 2*k + 17. What is c(-4)?
9
Let v(u) = u**3 + 6*u**2 + 2*u + 8. Give v(-6).
-4
Let b(j) = -3*j - 7. Determine b(-5).
8
Let d(q) = 2*q - 10. Determine d(0).
-10
Let y(t) = -2*t**2 + 9*t + 15. Calculate y(6).
-3
Let w(c) = c**2 + 15*c + 4. Calculate w(-15).
4
Let d(i) = -i**3 - 7*i**2 - 5*i - 31. Determine d(-7).
4
Let j(o) = -o**2 - o + 11. Determine j(0).
11
Let i(l) = 25*l**3 + l**2 - l + 1. What is i(1)?
26
Let k(s) = 9*s**3 + 2*s**2 - 10*s - 11. Calculate k(-1).
-8
Let i(w) = w**3 - 2*w**2 + 2*w + 12. Determine i(-3).
-39
Let d(k) = -k**3 + 8*k**2 - 10*k - 8. Determine d(6).
4
Let g(i) = i**2 + 8*i + 9. What is g(-4)?
-7
Let c(y) = y**3 + 8*y**2 - 17*y + 3. Give c(-9).
75
Let o(i) = -i**3 + 5*i**2 - 4*i - 6. Determine o(4).
-6
Let b(z) = 25*z + 1258. Give b(-50).
8
Let l(a) = a**3 - 8*a**2 + 3*a + 42. Give l(6).
-12
Let n(p) = p**3 - 8*p**2 + 3. Give n(8).
3
Let x(b) = -3*b**2 - 7*b - 12. Calculate x(-3).
-18
Let y(r) = -6*r**2 + 15*r - 15. Determine y(1).
-6
Let k(l) = l**3 - 4*l**2 + l - 1. What is k(3)?
-7
Let b(w) = w**3 + 11*w**2 - 9*w + 12. Calculate b(-12).
-24
Let h(z) = z**3 + 8*z**2 - 5*z - 49. What is h(-8)?
-9
Let y(z) = -z**2 - 11*z + 98. Determine y(6).
-4
Let q(b) = b**3 - 8*b**2 + 11*b + 7. Give q(5).
-13
Let z(n) = n**3 - 5*n**2 - 7*n. What is z(6)?
-6
Let d(r) = -5*r**2 - 3*r - 11. Calculate d(-2).
-25
Let p(r) = -5*r + 4. Determine p(1).
-1
Let p(a) = 10*a + 5. Give p(-1).
-5
Let r(c) = 34*c + 92. Give r(-3).
-10
Let y(u) = u + 1. Calculate y(-6).
-5
Let c(i) = -i**2 - 4*i + 2. Give c(-10).
-58
Let o(s) = -s + 13. Give o(3).
10
Let n(y) = -y**3 + 8*y**2 - 13*y - 1. Determine n(5).
9
Let v(g) = -g**3 + 3*g + 10. Calculate v(0).
10
Let b(n) = n**2 + 21*n - 4. Calculate b(-20).
-24
Let a(w) = w - 8. Give a(17).
9
Let s(r) = -r**3 + 6*r**2 - 3*r - 5. Give s(5).
5
Let p(l) = -l**3 + 7*l**2 - l - 8. Determine p(6).
22
Let d(q) = -3*q**3 - 2*q**2 + 3*q + 3. Determine d(-2).
13
Let y(g) = -2*g**2 + 31*g + 42. Calculate y(17).
-9
Let j(r) = -r**2 + r + 22. Determine j(-4).
2
Let w(n) = 4*n + 205. Calculate w(-48).
13
Let z(k) = k**2 + 14*k - 23. Calculate z(-16).
9
Let v(f) = f**3 - 14*f**2 - 63*f - 157. Give v(18).
5
Let h(a) = -a**3 + 6*a**2 - 4*a + 3. Give h(5).
8
Let t(x) = 24*x**3 - x**2 + x + 3. What is t(-1)?
-23
Let v(p) = -5*p + 53. Calculate v(12).
-7
Let g(p) = p**2 - 10*p + 8. Calculate g(11).
19
Let g(o) = 2*o**3 - 106*o**2 - 7. What is g(53)?
-7
Let g(h) = 25*h - 3. Determine g(2).
47
Let a(k) = 24*k + 35. Give a(-6).
-109
Let w(c) = c**2 - 13*c + 40. What is w(6)?
-2
Let m(p) = -p**2 + 17*p - 54. Give m(4).
-2
Let y(z) = -25*z + 41. Calculate y(2).
-9
Let l(h) = -7*h - 67. Calculate l(-12).
17
Let n(r) = -r - 5. What is n(-3)?
-2
Let d(g) = g**2 - 7*g - 11. Calculate d(10).
19
Let m(z) = -4*z - 2. Give m(-9).
34
Let t(b) = -3*b**2 + 17*b - 17. Give t(7).
-45
Let r(d) = d**3 + 8*d**2 - 39*d - 185. Calculate r(-10).
5
Let l(b) = 2*b**3 - 7*b**2 + 4*b + 3. Determine l(4).
35
Let t(m) = 3*m**2 - 31*m + 15. Give t(6).
-63
Let j(i) = -i**3 - 3*i**2 + 4*i + 5. Calculate j(-2).
-7
Let f(a) = a**2 + 76*a + 360. What is f(-5)?
5
Let i(c) = 10*c**2 + 46*c - 7. Calculate i(-5).
13
Let f(z) = -18*z - 4. Determine f(1).
-22
Let g(m) = m**3 + 15*m**2 - 15*m - 2. Determine g(-16).
-18
Let w(v) = 2*v**3 + 3*v**2 - 4*v + 6. Determine w(-4).
-58
Let b(m) = 12*m + 19. Give b(-2).
-5
Let m(s) = s + 13. What is m(-9)?
4
Let q(u) = -7*u**3 - 1. Give q(1).
-8
Let q(v) = -4*v - 15. Determine q(-6).
9
Let s(z) = 6*z**2 - 91*z + 12. Determine s(15).
-3
Let p(v) = -2*v**2 - 61*v + 41. What is p(-31)?
10
Let x(l) = l**2 + 24*l - 55. Determine x(-26).
-3
Let h(z) = 4*z + 121. Give h(-37).
-27
Let o(v) = -5*v + 44. Calculate o(8).
4
Let m(c) = -40*c**3 - c**2 + c. Calculate m(1).
-40
Let l(t) = 4*t - 31. What is l(9)?
5
Let i(r) = r**2 - 12*r - 2. Determine i(12).
-2
Let h(x) = -x**2 - 14*x - 4. Calculate h(-13).
9
Let n(z) = z**3 + 7*z**2 - 5*z + 5. Calculate n(-6).
71
Let b(f) = -f**2 - 19*f - 23. Determine b(-16).
25
Let w(f) = -26*f. Give w(1).
-26
Let w(g) = g**3 - 4*g**2 - 9*g + 16. Give w(5).
-4
Let y(l) = -5*l + 41. Determine y(10).
-9
Let f(a) = a**3 + 4*a**2 - 3*a + 1. What is f(-4)?
13
Let o(x) = x**2 - 2*x - 4. Give o(4).
4
Let l(t) = t**2 - 3*t + 11. What is l(-3)?
29
Let i(d) = 23*d + 90. Give i(-3).
21
Let v(o) = -o**2 - 4*o + 22. Give v(-7).
1
Let t(j) = j**3 + 8*j**2 - 10*j + 18. What is t(-9)?
27
Let l(r) = -r**3 - 8*r**2 + r + 1. Calculate l(-8).
-7
Let k(s) = 3*s**2 + 81*s + 38. Give k(-27).
38
Let k(r) = -2*r + 6. Give k(9).
-12
Let b(y) = y**3 - 2*y**2 - 13*y + 29. Give b(2).
3
Let s(h) = -h**2 - 15*h - 9. Calculate s(-15).
-9
Let a(g) = -41*g**2 - 2*g + 1. What is a(1)?
-42
Let a(i) = 5*i + 25. Calculate a(-5).
0
Let j(r) = r**3 - 4*r**2 - 7*r + 9. What is j(4)?
-19
Let c(j) = -j**2 + 37*j - 191. Calculate c(31).
-5
Let t(i) = -2*i**2 + 14*i - 4. Calculate t(6).
8
Let j(w) = -9*w**3 + 3*w**2 + 4*w. What is j(-2)?
76
Let s(i) 